ctors of p.
3, 61
Suppose 0 = 2*x + 2*d - d, x = -3*d. Suppose -k + 53 = 2*k + 4*w, x = -3*k + 2*w + 23. List the prime factors of k.
11
Suppose 2*h - 12 = -5*t, h + 2 + 1 = 2*t. Suppose -15 = 5*l + 5. List the prime factors of (l - 0)*(-6)/t.
2, 3
Let x(d) = 2*d**2 - 2*d - 1. Let z be x(-1). Let a(c) = 4*c - 1. List the prime factors of a(z).
11
What are the prime factors of (-478)/(-6) - -2*2/12?
2, 5
Let w(c) be the first derivative of c**4/6 - c**3/6 - c**2 + c - 1. Let j(v) be the first derivative of w(v). List the prime factors of j(2).
2
Let q(v) = -v**3 - 7*v**2 - v - 5. Let i be q(-7). Let w = i - -7. List the prime factors of w.
3
Let s be 15/(-3)*(1 - 2). Suppose 0 = 3*w + s*u + 4, 4*w - 3*w = 3*u + 8. Suppose -w*t - 14 = -4*t. List the prime factors of t.
7
Let i(s) = 3*s + 2. Let y(c) = -c**3 - 3*c**2 + 3*c + 2. Let x be y(-4). List the prime factors of i(x).
2, 5
Suppose 5 = -2*g + 5*l + 1, 0 = 4*l. Let v(k) = -14*k - 1. Let s be v(g). Let t = -16 + s. What are the prime factors of t?
11
Suppose -a - 22 = -3*r, 0*a - 4*a - 37 = 5*r. Let g = a - -18. List the prime factors of g.
5
Let n(w) be the second derivative of -7*w**3/6 - w**2/2 + 3*w. List the prime factors of n(-2).
13
Suppose -3*x + 13 + 92 = 0. What are the prime factors of x?
5, 7
Let c be (-2)/(-12) - (-23)/6. Let o = c - 6. Let t(n) = -n**3 - n**2 - n + 2. What are the prime factors of t(o)?
2
Let i(l) = l**2 + 4*l + 5. Let g be i(5). Let r = 6 + 4. Suppose -5*s - g = -r*s. What are the prime factors of s?
2, 5
Let o(d) = -d**2 + 4*d + 3. Let y(h) = -2*h**2 + 9*h + 6. Let r(m) = -5*o(m) + 2*y(m). What are the prime factors of r(-2)?
5
Suppose f = 3*d - 0 + 4, 5 = 5*f. List the prime factors of 1*(d - -16)*1.
3, 5
Let v(g) = g**3 + 2*g**2 - g. Let w be v(-2). Suppose 5*c = w*c - i - 8, 11 = -4*c - i. What are the prime factors of c*((-34)/6 - -3)?
2
Let z be (-28)/16 - (-2)/(-8). Let w = z + 3. Let v(c) = 13*c**3 - 2*c + 1. What are the prime factors of v(w)?
2, 3
Let u(i) = 24*i**2 - i. List the prime factors of u(-1).
5
Suppose 5*p - 2*p + 9 = 5*t, -p - 3 = 3*t. Let s = 6 + p. Suppose s*z - 20 = 10. List the prime factors of z.
2, 5
Let y(h) = -h**2 + 26*h - 70. Let n be y(23). Let f(a) = -13*a + 3. Let x(m) = -m - 1. Let v(b) = f(b) + 2*x(b). What are the prime factors of v(n)?
2
Suppose -2*t = 2*o - 2 - 4, -6 = 3*o. Suppose 2*v - 65 = -w, v - t*v - 4*w = -120. What are the prime factors of v?
5, 7
Let k be (-2)/(-1) - (-4 + 4). Let s(l) = l**2 - 2*l + 3. What are the prime factors of s(k)?
3
Suppose -4*f = -2*s - 204, s = 4*s + 6. Let x = 88 - f. List the prime factors of x.
2, 19
Let m = -41 - -69. List the prime factors of m.
2, 7
Let a = 1 + 9. Suppose a*w - 110 = 5*w. What are the prime factors of w?
2, 11
Let x be (-2 - -3) + -2 + 7. Let l = x - 2. Suppose l*m + 28 = 8*m. List the prime factors of m.
7
Suppose 4*h - 87 = -3*t, -4*t + 6*t = 2*h + 72. List the prime factors of -5*1*t/(-15).
11
Suppose l - 23 = j - 2*j, 2*j - l = 37. Let b = j + -6. List the prime factors of b.
2, 7
What are the prime factors of (-1)/(-3) - (-592)/24?
5
Let g be (-2 + -3 + -2)*1. Let p = g - -5. Let i(j) = -9*j - 2. What are the prime factors of i(p)?
2
Suppose 0 = 5*i - 175 - 110. List the prime factors of i.
3, 19
Suppose r - 6*r = -270. What are the prime factors of r?
2, 3
Let x(y) = y**3 - 6*y**2 - 6*y - 8. Let s be x(7). Let m be 1*-2*s*6. List the prime factors of ((-4)/4)/((-2)/m).
2, 3
Let f(u) = -u + 1. Let q(t) = 7*t + 13. Let r(d) = 6*f(d) + q(d). List the prime factors of r(-14).
5
Let r = 28 - -11. List the prime factors of r.
3, 13
Let x(u) = -2*u**3 + u**2 - 5*u + 17. What are the prime factors of x(-4)?
181
Suppose -c - 20 = -3*c. Let h(i) = -1 + 2 - 2 + c*i. List the prime factors of h(1).
3
Let w be -2 - -4 - (1 - 4). Suppose 0 = c + 2*d + 1 - 0, -w*c + 22 = d. List the prime factors of c.
5
Let v(s) = -s**2 - 3*s - 3. Let f be v(-2). Let p be f/(-3) + 28/6. Suppose -2*i + 1 = -2*c + p, 22 = 4*i + 2*c. List the prime factors of i.
3
Let y be 14/1 + -3 + 1. Suppose z + w = y, -4*z = z + 3*w - 52. What are the prime factors of z?
2
Let y(a) = a**2 - 7*a + 17. List the prime factors of y(10).
47
Suppose r - 2*r = g - 105, 4*g - 411 = 5*r. List the prime factors of g.
2, 13
Suppose 29*l - 28*l - 57 = 0. List the prime factors of l.
3, 19
Let h(v) be the first derivative of -v**3/3 - v**2/2 + 10*v - 1. List the prime factors of h(0).
2, 5
Let w(b) = 4*b**2 + 10*b - 12. What are the prime factors of w(-8)?
2, 41
Suppose -6 = -f - 2*f. Let q be ((0 - -54)/3)/f. List the prime factors of (-2)/q + (-404)/(-36).
11
Let j = 186 + -121. List the prime factors of j.
5, 13
Suppose 9*j - 4*j = 240. Suppose -3*x - j = -6*x. Let s = x - 8. List the prime factors of s.
2
Let d = -3 + 6. Suppose -d*j = -19 - 11. List the prime factors of ((-16)/(-10))/(2/j).
2
Let n = -20 - -41. List the prime factors of n.
3, 7
Let l(p) = -7*p + 1. Let j(k) = k + 1. Let o(z) = 2*j(z) - l(z). Let f be o(1). Let w = f - 4. List the prime factors of w.
2, 3
Let p(z) = 11*z - 85. List the prime factors of p(9).
2, 7
Let x(n) = n**3 - 7*n**2 - 3. Let c be x(6). Let w = -15 - c. What are the prime factors of w?
2, 3
Let y(o) be the third derivative of -o**4/24 + o**3 + o**2. Suppose 4*s - 3*a = 19, -3*s = -8*s + 2*a + 22. What are the prime factors of y(s)?
2
Let c(l) = 2*l + 1. Let k be -4 - -12 - 9/(-3). What are the prime factors of c(k)?
23
Suppose -2 + 6 = 2*d. Suppose -o = -d*o + 22. List the prime factors of o.
2, 11
Let q = -27 - -19. Let p be 1 + -1 - (0 + -11). Let d = p + q. List the prime factors of d.
3
List the prime factors of 6 + 46 + (-1 - 0).
3, 17
Let r(j) = j**2 + 3*j + 6. Let o be (-30)/8 + (-1)/4. List the prime factors of r(o).
2, 5
Suppose j = -3*j + 20. Suppose j*m = -5 + 15. Suppose -6*y = -m*y - 36. What are the prime factors of y?
3
Let z = 455 - 228. What are the prime factors of z?
227
Suppose -5*s + 3*t + 6 + 9 = 0, -2*s + 4*t - 8 = 0. What are the prime factors of s?
2, 3
List the prime factors of (22/(-4) + 4)/(2/(-68)).
3, 17
Let d = -37 - -72. What are the prime factors of d?
5, 7
Let h be ((-6)/(-4))/((-3)/(-8)). Suppose 0 = d + 2*v + 4, -h*d - 2*v - 28 = -0*v. List the prime factors of 25/2 + 4/d.
2, 3
What are the prime factors of 1/(0 - 1/(-26))?
2, 13
Let t = -19 - -7. Let l = t - -17. Suppose -a - 56 = -l*a. What are the prime factors of a?
2, 7
Let r(g) = g - 3. Let l be r(0). Let i = 0 + l. What are the prime factors of (-2 - 1)/(i/7)?
7
Let d = -3 + 3. Suppose d = 3*q + 2*q - 225. List the prime factors of q.
3, 5
Let d(z) = z**3 + 7*z**2 - z + 1. Let i be d(-3). Suppose 13*k - i = 8*k. List the prime factors of k.
2
Let p(v) = 6*v**2 - v - 8. List the prime factors of p(4).
2, 3, 7
Suppose -24*c + c + 253 = 0. What are the prime factors of c?
11
Let v = 21 + -18. List the prime factors of v.
3
Let a(k) = -k**2 - k. Let u be a(2). What are the prime factors of 125/30 + 1/u?
2
Suppose -5*r - 3*s = 27, -r - 3*s + 0*s = 3. Let p be 3 + r/3 + -4. Let t = 1 - p. What are the prime factors of t?
2
Let t(y) = -24*y - 4. Let x be t(-4). Suppose -5*a - x = -7*a. What are the prime factors of a?
2, 23
Suppose 4*t = 5*t + 10. Let j = t + 22. What are the prime factors of j?
2, 3
Let n = 3 - -7. What are the prime factors of n?
2, 5
Let v = 9 - 2. Let c(g) = -g**3 + 4*g**2 - 3*g. Let u be c(2). Suppose -u*o + 15 + v = 0. List the prime factors of o.
11
Suppose -o - 3 + 6 = 0. Suppose 0 = o*h + 34 - 4. List the prime factors of 42/5 + 4/h.
2
Let f be ((-6)/(-2))/(15/(-10)). Let x be -13*(-1 + f)/3. Suppose 3*w - x = -1, 2*d - w = 20. What are the prime factors of d?
2, 3
Suppose -11*q + 151 = -10*q. What are the prime factors of q?
151
Let d = -2 + 5. List the prime factors of (17 - 1) + d + -1.
2, 3
Let r = 35 + -3. What are the prime factors of r?
2
Suppose 0 = x + 3*v - 6*v - 54, 3*x = -2*v + 129. Suppose 0 = 4*u + u - x. What are the prime factors of u?
3
Suppose 0 = -5*x - 3*z + 397, 2*x - 7*x + 398 = 2*z. What are the prime factors of x?
2, 5
Let x be (1 - 61)*3/(-2). Suppose x = -3*i + 6*i. Suppose 5*k - 10*k = -i. What are the prime factors of k?
2, 3
Let t(m) = m**3 - 22*m**2 + m - 10. Let a be t(22). Let y be (-4)/(-6)*3*1. Suppose -2*v = y*v - a. List th